*h + 98 - 404. What are the prime factors of h?
149
Suppose 0 = 2*z - 108 + 2. What are the prime factors of z?
53
Let c(f) = -1 + 10*f**2 - 1 - 12*f - 9 + f**3. Let l be c(-11). Suppose l = -8*y + 3*y + 55. What are the prime factors of y?
11
Suppose 6*s - 168 = 2*s. Suppose q + q - s = 0. What are the prime factors of q?
3, 7
Let h(c) = c**3 + c**2 - 3*c - 1. Let y be h(-2). Let l(g) = -g**2 - g - 2 - y + 9*g. List the prime factors of l(7).
2
Let c be 5 + 0 + 1 + -1. Suppose k - c = -1. Suppose -3 = k*j - 47. What are the prime factors of j?
11
Suppose -4*o + 908 + 12 = 0. List the prime factors of o.
2, 5, 23
Suppose -31 = r - 133. List the prime factors of r.
2, 3, 17
Let t = -5 + 13. Let p(m) = m**2 - 9*m + 10. List the prime factors of p(t).
2
Let y = 21 - 16. What are the prime factors of y?
5
Let b(l) = 5*l**3 - 4*l**2 - 3*l + 5. What are the prime factors of b(3)?
5, 19
List the prime factors of (-445)/(-20) + 1/(-4).
2, 11
Let w = -97 + 265. Let x = -98 + w. Suppose 0 = -5*r - 20 + x. List the prime factors of r.
2, 5
Suppose 0 = a + 2*p - 16, 2*a + 4*p - 68 = -2*a. Suppose 5*r - 80 = -5*b + r, 3*r + 16 = b. List the prime factors of b/(-12)*a/(-4).
2, 3
Let y(d) = -d - 7. Let x be y(-9). Let o be (-3)/6*7*x. What are the prime factors of -5 + 8 + (0 - o)?
2, 5
Suppose -3*m + 15 = -0*m. Let r = 8 - m. What are the prime factors of r?
3
Let w = 4 - -2. What are the prime factors of ((-2)/w)/(6/(-54))?
3
Suppose -4*m + 5*m = -6. Let a be 0*3/m - -2. Suppose -6 = -3*s + a*s. What are the prime factors of s?
2, 3
Let l(v) = v**3 + 5*v**2 + 7*v + 5. Let c be l(-4). What are the prime factors of 9*1 + (-9 - c)?
7
Let o(q) = -4*q + 10. List the prime factors of o(-8).
2, 3, 7
Let b = -24 - -86. List the prime factors of b.
2, 31
Let h(y) = 3*y - 12. List the prime factors of h(12).
2, 3
Let h = 18 + -8. What are the prime factors of h?
2, 5
Suppose -3*n + 3 + 39 = 0. Let x(u) = 11*u**2 - 7*u + u**3 - 6*u + n - 5. List the prime factors of x(-12).
3, 7
Suppose 3*f - 2 = 1. Let x be f + (0 + -2)/(-2). Suppose x*c + 0*q - 6 = 4*q, -c = -3*q + 1. What are the prime factors of c?
11
Let g(p) be the first derivative of -p**3/3 + 4*p**2 - 10*p - 2. Let j be g(7). Let c = j - -6. What are the prime factors of c?
3
Suppose 2 = -h + 47. List the prime factors of h.
3, 5
Suppose 26*p = 23*p + 66. What are the prime factors of p?
2, 11
Suppose -4*d - 604 = -5*b - 5*d, -3*b - 5*d + 380 = 0. List the prime factors of b.
2, 3, 5
Suppose 6*y - 441 = 675. What are the prime factors of y?
2, 3, 31
Let r(b) = 1. Let i(o) = -o. Suppose 5 = -5*h - 0. Let v(l) = h*r(l) + i(l). What are the prime factors of v(-9)?
2
Let i be (-36)/(-21) - 6/(-21). Suppose -114 = -i*v - 2*v - 3*k, 3*v + k = 83. Let y = v + -13. What are the prime factors of y?
2, 7
Let h(g) = -g**3 + 4*g**2 + 7*g + 3. Let d be h(6). Let j = -21 - d. What are the prime factors of j?
2, 3
Let p(h) = h**2 + 3*h - 4. Let g be p(-5). Suppose 5*l = -5*m + 35, g*m - 4 = 2*m. What are the prime factors of l?
2, 3
Suppose -10 = w + 2. Let y(s) = s**3 + 11*s**2 - 14*s - 2. List the prime factors of y(w).
2, 11
Let h(y) = y**2 + 14*y + 15. Let z be h(-13). Suppose -3*x + 4 = -2*g + 26, 2*g - z*x = 20. What are the prime factors of g?
2
What are the prime factors of (-12)/(6*4/(-32))?
2
Suppose 4*a - 4*k = 0, -2*a + k - 10 = -3*k. List the prime factors of a.
5
Let m be (-5)/(-10) + (-5)/(-2). Suppose 2*d - 5*l = 6, m*l + 2*l = 20. List the prime factors of d.
13
Let t = -20 - -35. List the prime factors of t.
3, 5
Suppose -s = 2*s - 3. Let n(m) = -s + 0*m - 3*m - m**2 - 4*m. What are the prime factors of n(-3)?
11
Let g(s) = -s**3 - 10*s**2 - 4*s - 11. Let w(m) = m**2 + 7*m. Let l be w(-5). List the prime factors of g(l).
29
Suppose 3*q = 2*m, -5*m = -3*m + 3*q. Let h be 2 - (m + -3 - -2). Let j = 6 + h. List the prime factors of j.
3
Let u(w) = w**3 + 4*w**2 - 3*w - 5. Let r be u(-4). List the prime factors of ((-72)/(-28))/(1/r).
2, 3
Let n(v) = -v**2 - 3*v - 3. Let z be n(-2). What are the prime factors of (-13)/z*(0 - -1)?
13
Let c be -4 - (2 - 0)/1. Let m = -2 - c. List the prime factors of m.
2
Suppose -v = -3*v + 152. What are the prime factors of v?
2, 19
Suppose -120 = -g - 3*g. List the prime factors of g.
2, 3, 5
Let x = -3 - -11. Let q(z) = z. Let w(k) = 10*k + 3. Let y(f) = 22*q(f) - 2*w(f). List the prime factors of y(x).
2, 5
What are the prime factors of (378/35)/((-2)/(-50))?
2, 3, 5
List the prime factors of (132/30)/((-2)/(-10)).
2, 11
Suppose w - 40 = -2*u - 2*u, 5*w + 5*u - 230 = 0. Suppose -3*f + w = -21. What are the prime factors of f?
23
Suppose -223 = -4*g + 117. What are the prime factors of g?
5, 17
Let h(z) = z**3 + 7*z**2 + z + 5. Let f(u) = -u**2 + 5*u. Let p be f(6). What are the prime factors of h(p)?
5, 7
Let b be ((-21)/6)/((-2)/4). Let n = -17 + b. Let p = 15 + n. List the prime factors of p.
5
Suppose -3*m + 8 = m. What are the prime factors of 8/3*3/m?
2
Let j(v) = -v**3 + 5*v**2 - v - 8. Let p be j(4). Suppose -p*s = 3*k - 189, -3*k + 5*s + 64 + 98 = 0. List the prime factors of k.
59
Let h(g) = g**2 + g. Let w be h(-3). Suppose -4*i = -2*d + w, -3*d + i = -6 - 3. Suppose u - d*u = -14. List the prime factors of u.
7
Let i(b) = 9*b**3 - 23*b**2 + 8*b + 10. Let h(m) = 5*m**3 - 12*m**2 + 4*m + 5. Let x(f) = 11*h(f) - 6*i(f). What are the prime factors of x(-5)?
2, 5
Let b(l) = -10*l**2 - 2*l - 2. Let h be b(4). Let r be 3/(-12) + h/(-8). Let x = 35 - r. List the prime factors of x.
2, 7
Let t = -5 - -9. Let a(m) = 5*m + m + 3 - t*m - 4*m**2 + m**3. What are the prime factors of a(4)?
11
Suppose 4*d + u = 295, 3*d + 45 = -5*u + 262. What are the prime factors of d/3 - 2/3?
2, 3
Suppose -5*w + 3*t = 6*t - 78, -3*t + 18 = w. Let i = w + -1. List the prime factors of i.
2, 7
Let l(p) = 31*p**2 - p - 4. What are the prime factors of l(2)?
2, 59
Suppose -2*s = 2*d - 16, 4*s = -5*d + 5*s + 40. Suppose 4*p - 32 = -d. What are the prime factors of (2/p)/(1/33)?
11
Let y = 13 + -6. Suppose -4*u + y = -21. List the prime factors of u.
7
Suppose 0 = 4*o - 1 - 7. Suppose 46 = 5*q - 4*m, -m - 8 = -2*q - o*m. Suppose 2*p + 4*b + 5 = 3, 0 = 3*b + q. List the prime factors of p.
3
Let o(u) = u**3 + 3*u**2 + u + 1. Let m be o(-2). Suppose 5*z - 4*x - 48 = -3*x, 0 = m*z + 2*x - 34. What are the prime factors of z?
2, 5
List the prime factors of 122/6 - (-4)/6.
3, 7
Suppose 4*d - 9*d + 30 = 0. What are the prime factors of d?
2, 3
Suppose -3*x + 278 = -5*u, 0 = 2*x + 3*u + 134 - 332. List the prime factors of x.
2, 3
Let h = 3 + -2. Suppose z - 5*o - 2 = -0*o, 2*z - 14 = 5*o. Let b = z + h. List the prime factors of b.
13
Let h(b) = 3*b**2 - 7*b + 9. What are the prime factors of h(4)?
29
Let o = 9 + -8. Suppose -2*s - o = 2*n - 19, -n = 4*s - 21. List the prime factors of n.
5
Let q = 108 + 32. What are the prime factors of q?
2, 5, 7
Suppose 2*o = -4, -j - 3*o = -2*j + 10. Suppose 5*x = v, -5*v + x + j = -4*v. List the prime factors of v.
5
Let l = -16 + -2. Let k be (l/(-27))/((-4)/(-174)). Suppose 0 = o - 4*o + q + k, q = 2*o - 21. What are the prime factors of o?
2
Suppose -14 - 11 = -5*t. Suppose t*p = r + 6, 2*r - 2 = 3*p - 0*r. What are the prime factors of p?
2
List the prime factors of 14/42*(-786)/(2/(-1)).
131
Let c = -557 + 792. List the prime factors of c.
5, 47
Suppose 424 = 2*u + 22. What are the prime factors of u?
3, 67
Suppose 2*h - 116 = -2*b - 2*b, -5*h + 73 = 3*b. List the prime factors of b.
31
Suppose 4*o - q = 142, 3*o + 3*q = -2*o + 186. List the prime factors of o.
2, 3
Suppose -2*i = 5*b - 39, 3*b - 30 = b + 4*i. What are the prime factors of b?
3
Suppose -3 = -k - 1, 17 = 5*x + k. Suppose -2*d + s + 76 = 2*d, -s - 58 = -x*d. What are the prime factors of d?
2, 3
Let x(q) = 14*q + 1. Let y(c) = -c**3 + 8*c**2 - 4*c - 17. Let k be y(7). List the prime factors of x(k).
3, 19
Suppose -n - n + 24 = 0. What are the prime factors of -2 + 1 + n/3?
3
Let g(i) = -8*i - 5. Let r be g(-6). Let m = -31 + r. Let w = m + -4. List the prime factors of w.
2
List the prime factors of 34 + (-3 + -2 - -1).
2, 3, 5
Suppose 3*r = 3*o, -2*o + o + 4*r = 0. Suppose -x = -o*x - 2. Suppose -2*i = -2*c + 10, 10 + 28 = x*c + 5*i. List the prime factors of c.
3
What are the prime factor